{"id":101,"date":"2012-09-09T19:48:17","date_gmt":"2012-09-09T17:48:17","guid":{"rendered":"http:\/\/stammkoenigartus.de\/?page_id=101"},"modified":"2025-11-08T14:17:32","modified_gmt":"2025-11-08T13:17:32","slug":"sippe","status":"publish","type":"page","link":"https:\/\/stammkoenigartus.de\/?page_id=101","title":{"rendered":"Sippe 11-18 Jahre"},"content":{"rendered":"\n<h1>Sippenf\u00fchrung: <div id=\"grid-gallery-57-65583\" data-gg-id=\"57\" data-title=\"Sippenf\u00fchrung\" data-grid-type=\"2\" data-offset=\"0\" data-area-position=\"center\" data-icons=\"false\" data-preloader=\"true\" data-width=\"auto\" data-height=\"450\" data-padding=\"0\" data-quicksand=\"disabled\" data-quicksand-duration=\"none\" data-popup-theme=\"theme_6\" data-popup-type=\"pretty-photo\" data-popup-image-text=\"data-caption\" data-popup-widthsize=\"auto\" data-popup-heightsize=\"auto\" data-popup-i18n-words=\"{&quot;close&quot;:&quot;schlie\\u00dfen&quot;,&quot;next&quot;:&quot;n\\u00e4chste&quot;,&quot;previous&quot;:&quot;vorherige&quot;,&quot;start_slideshow&quot;:&quot;Starte Slideshow&quot;,&quot;stop_slideshow&quot;:&quot;Stoppe Slideshow&quot;,&quot;image&quot;:&quot;Bild&quot;,&quot;of&quot;:&quot;von&quot;,&quot;prev&quot;:&quot;vorherige&quot;,&quot;cExpand&quot;:&quot;Erweitere&quot;,&quot;cPrevious&quot;:&quot;Vorheriges&quot;,&quot;cNext&quot;:&quot;N\\u00e4chstes&quot;,&quot;cExpandStr&quot;:&quot;Erweitere Bild&quot;,&quot;cRotate&quot;:&quot;Rotate&quot;,&quot;cDetails&quot;:&quot;Details&quot;}\" data-popup-slideshow=\"false\" data-popup-slideshow-speed=\"2500\" data-popup-hoverstop=\"true\" data-popup-slideshow-auto=\"false\" data-popup-background=\"\" data-popup-transparency=\"30\" data-popup-disable-history=\"\" data-popup-disable-changed-url=\"\" data-popup-border-type=\"solid\" data-popup-border-color=\"\" data-popup-border-width=\"\" data-popup-border-enable=\"\" data-fullscreen=\"true\" data-hide-tooltip=\"false\" data-caption-font-family=\"Times New Roman\" data-caption-text-size=\"210\" data-is-mobile=\"0\" data-caption-mobile=\"false\" data-hide-long-tltp-title=\"0\" data-caption-disabled-on-mobile=\"false\" data-lazyload-enable='1' data-lazyload-effect=\"show\" data-lazyload-effect-duration=\"400\" data-popup-placement-type=\"0\" data-social-sharing=\"{&quot;enabled&quot;:&quot;&quot;,&quot;gallerySharing&quot;:{&quot;enabled&quot;:null,&quot;position&quot;:&quot;top&quot;},&quot;imageSharing&quot;:{&quot;enabled&quot;:&quot;0&quot;,&quot;wrapperClass&quot;:&quot;top left&quot;},&quot;popupSharing&quot;:{&quot;enabled&quot;:&quot;0&quot;,&quot;wrapperClass&quot;:&quot;top left&quot;}}\" class=\"grid-gallery grid-gallery-fixed \" style=\" width:4500; height:auto; margin-left:auto; margin-right:auto;position:relative;\" data-popup-video=\"{&quot;width&quot;:&quot;853&quot;,&quot;height&quot;:&quot;480&quot;,&quot;autoplay&quot;:&quot;false&quot;,&quot;onEnd&quot;:&quot;0&quot;}\" data-popup-disable-source-image-for-linked-img=\"0\" data-popup-enable-download-photos-button=\"0\" data-caption-buider=\"1\" data-caption-builder-icons=\"0\" data-thumbnail-size=\"150x150\"> <div class=\"gallery-loading\"> <div class=\"blocks\"> <div class=\"block\"><\/div> <div class=\"block\"><\/div> <div class=\"block\"><\/div> <div class=\"block\"><\/div> <\/div> <\/div> <div class=\"gallery-sharing-top\" style=\"display:none;\"> <\/div> <div id=\"photos-57\" class=\"grid-gallery-photos\"><a data-attachment-id=\"19034\" id=\"gg-57-516\" class=\"gg-link \" data-attachment-id=\"19034\" href=\"https:\/\/stammkoenigartus.de\/wp-content\/uploads\/max2023.png?gid=57\" target=\"_self\" title=\"max2023\" data- rel=\"lightbox[21888] prettyPhoto[pp_gal]\" style=\"border-radius:0;\" ><FIGURE data-tags=\"\" data-id=\"516\" class=\"grid-gallery-caption\" data-grid-gallery-type=\"none\" data-index=\"0\" style=\"display:none;border-radius:0;; margin:0px; height:4500; width:auto;\" ><div class=\"crop\" style=\" \"><img decoding=\"async\" data-gg-real-image-href=\"https:\/\/stammkoenigartus.de\/wp-content\/uploads\/max2023-277x450.png\" src=\"https:\/\/stammkoenigartus.de\/wp-content\/plugins\/gallery-by-supsystic\/src\/GridGallery\/Galleries\/assets\/img\/loading.gif\" class=\"ggImg ggLazyImg ggNotInitImg\" alt=\"max2023\" title=\"max2023\" data-description=\"max2023\" data-caption=\"max2023\" data-title=\"max2023\" style=\" height:450px; width:auto;\" \/><\/div><FIGCAPTION class=\"\" data-alpha=\"0\" style=\"padding: 0;\" ><div class=\"gg-caption-table\" style=\" \" data-gid=\"57\"><div class=\"gg-caption-row disabled\" ><div class=\"gg-caption-cell\"><\/div><\/div><div class=\"gg-caption-row disabled\" ><div class=\"gg-caption-cell\"><\/div><\/div><div class=\"gg-caption-row bottom\" style=\" text-align:center; background-color:rgba(0,0,0,1); height:10%; \"><div class=\"gg-caption-cell \" style=\" padding:5px 0px 0px 0px; \"><span style=\" color:#fff; font-family: 'Times New Roman'; font-size:21px; font-weight: 800; font-style: normal; text-decoration: none;\">Max, SiF\u00fc <\/span><\/div><\/div><\/div><\/FIGCAPTION><\/FIGURE><\/a><a data-attachment-id=\"19775\" id=\"gg-57-517\" class=\"gg-link \" data-attachment-id=\"19775\" href=\"https:\/\/stammkoenigartus.de\/wp-content\/uploads\/Lennard24.jpg?gid=57\" target=\"_self\" title=\"Lennard24\" data- rel=\"lightbox[21888] prettyPhoto[pp_gal]\" style=\"border-radius:0;\" ><FIGURE data-tags=\"\" data-id=\"517\" class=\"grid-gallery-caption\" data-grid-gallery-type=\"none\" data-index=\"1\" style=\"display:none;border-radius:0;; margin:0px; height:4500; width:auto;\" ><div class=\"crop\" style=\" \"><img decoding=\"async\" data-gg-real-image-href=\"https:\/\/stammkoenigartus.de\/wp-content\/uploads\/Lennard24-240x450.jpg\" src=\"https:\/\/stammkoenigartus.de\/wp-content\/plugins\/gallery-by-supsystic\/src\/GridGallery\/Galleries\/assets\/img\/loading.gif\" class=\"ggImg ggLazyImg ggNotInitImg\" alt=\"Lennard24\" title=\"Lennard24\" data-description=\"Lennard24\" data-caption=\"Lennard24\" data-title=\"Lennard24\" style=\" height:450px; width:auto;\" \/><\/div><FIGCAPTION class=\"\" data-alpha=\"0\" style=\"padding: 0;\" ><div class=\"gg-caption-table\" style=\" \" data-gid=\"57\"><div class=\"gg-caption-row disabled\" ><div class=\"gg-caption-cell\"><\/div><\/div><div class=\"gg-caption-row disabled\" ><div class=\"gg-caption-cell\"><\/div><\/div><div class=\"gg-caption-row bottom\" style=\" text-align:center; background-color:rgba(0,0,0,1); height:10%; \"><div class=\"gg-caption-cell \" style=\" padding:5px 0px 0px 0px; \"><span style=\" color:#fff; font-family: 'Times New Roman'; font-size:21px; font-weight: 800; font-style: normal; text-decoration: none;\">Lennard, Sif\u00fc <\/span><\/div><\/div><\/div><\/FIGCAPTION><\/FIGURE><\/a><a data-attachment-id=\"19778\" id=\"gg-57-520\" class=\"gg-link \" data-attachment-id=\"19778\" href=\"https:\/\/stammkoenigartus.de\/wp-content\/uploads\/Stefan24-scaled.jpg?gid=57\" target=\"_self\" title=\"Stefan24\" data- rel=\"lightbox[21888] prettyPhoto[pp_gal]\" style=\"border-radius:0;\" ><FIGURE data-tags=\"\" data-id=\"520\" class=\"grid-gallery-caption\" data-grid-gallery-type=\"none\" data-index=\"2\" style=\"display:none;border-radius:0;; margin:0px; height:4500; width:auto;\" ><div class=\"crop\" style=\" \"><img decoding=\"async\" data-gg-real-image-href=\"https:\/\/stammkoenigartus.de\/wp-content\/uploads\/Stefan24-scaled-278x450.jpg\" src=\"https:\/\/stammkoenigartus.de\/wp-content\/plugins\/gallery-by-supsystic\/src\/GridGallery\/Galleries\/assets\/img\/loading.gif\" class=\"ggImg ggLazyImg ggNotInitImg\" alt=\"Stefan24\" title=\"Stefan24\" data-description=\"Stefan24\" data-caption=\"Stefan24\" data-title=\"Stefan24\" style=\" height:450px; width:auto;\" \/><\/div><FIGCAPTION class=\"\" data-alpha=\"0\" style=\"padding: 0;\" ><div class=\"gg-caption-table\" style=\" \" data-gid=\"57\"><div class=\"gg-caption-row disabled\" ><div class=\"gg-caption-cell\"><\/div><\/div><div class=\"gg-caption-row disabled\" ><div class=\"gg-caption-cell\"><\/div><\/div><div class=\"gg-caption-row bottom\" style=\" text-align:center; background-color:rgba(0,0,0,1); height:10%; \"><div class=\"gg-caption-cell \" style=\" padding:5px 0px 0px 0px; \"><span style=\" color:#fff; font-family: 'Times New Roman'; font-size:21px; font-weight: 800; font-style: normal; text-decoration: none;\">Stefan, SiF\u00fc <\/span><\/div><\/div><\/div><\/FIGCAPTION><\/FIGURE><\/a><a data-attachment-id=\"21262\" id=\"gg-57-521\" class=\"gg-link \" data-attachment-id=\"21262\" href=\"https:\/\/stammkoenigartus.de\/wp-content\/uploads\/Lennya25.jpg?gid=57\" target=\"_self\" title=\"Lennya25\" data- rel=\"lightbox[21888] prettyPhoto[pp_gal]\" style=\"border-radius:0;\" ><FIGURE data-tags=\"\" data-id=\"521\" class=\"grid-gallery-caption\" data-grid-gallery-type=\"none\" data-index=\"3\" style=\"display:none;border-radius:0;; margin:0px; height:4500; width:auto;\" ><div class=\"crop\" style=\" \"><img decoding=\"async\" data-gg-real-image-href=\"https:\/\/stammkoenigartus.de\/wp-content\/uploads\/Lennya25-399x450.jpg\" src=\"https:\/\/stammkoenigartus.de\/wp-content\/plugins\/gallery-by-supsystic\/src\/GridGallery\/Galleries\/assets\/img\/loading.gif\" class=\"ggImg ggLazyImg ggNotInitImg\" alt=\"Lennya25\" title=\"Lennya25\" data-description=\"Lennya25\" data-caption=\"Lennya25\" data-title=\"Lennya25\" style=\" height:450px; width:auto;\" \/><\/div><FIGCAPTION class=\"\" data-alpha=\"0\" style=\"padding: 0;\" ><div class=\"gg-caption-table\" style=\" \" data-gid=\"57\"><div class=\"gg-caption-row disabled\" ><div class=\"gg-caption-cell\"><\/div><\/div><div class=\"gg-caption-row disabled\" ><div class=\"gg-caption-cell\"><\/div><\/div><div class=\"gg-caption-row bottom\" style=\" text-align:center; background-color:rgba(0,0,0,1); height:10%; \"><div class=\"gg-caption-cell \" style=\" padding:5px 0px 0px 0px; \"><span style=\" color:#fff; font-family: 'Times New Roman'; font-size:21px; font-weight: 800; font-style: normal; text-decoration: none;\">Lennya, SiF\u00fc <\/span><\/div><\/div><\/div><\/FIGCAPTION><\/FIGURE><\/a> <div class=\"grid-gallery-clearfix\"><\/div> <\/div> <div class=\"gallery-sharing-bottom\" style=\"display:none;\"> <\/div> <div class=\"gallery-sharing-image\" style=\"display:none;\"> <\/div> <div class=\"gallery-sharing-popup\" style=\"display:none;\"> <\/div> <div class=\"grid-gallery-clearfix\"><\/div> <\/div> <!-- Gallery by Supsystic plugin1.16.0 \/2.10.00 --> <style> <\/style><a title=\"\" style=\"display:none;\" href=\"https:\/\/supsystic.com\/plugins\/photo-gallery\/?utm_medium=love_link\" target=\"_blank\"><\/a><\/h1>\n\n\n<p style=\"text-align: center\">Lagerfeuer, Spiele und ein gemeinsames Ziel. Sipplinge im Alter von 12 bis 18 Jahren treffen sich regelm\u00e4\u00dfig im Pfadfinderheim in Waldbuch und gestalten ihre Freizeit mit den unterschiedlichsten Aktivit\u00e4ten. Sie sind in ihren Sippen zusammen unterwegs, lernen gemeinsam und sind auf Lager. Als Zeichen der Verbundenheit tragen alle Jugendlichen das blaue Halstuch, jede Sippe hat ihre eigenen Regeln, Lied und auch Material. Jeder Sippling ist ein fester Bestandteil seiner Gruppe und jeder tr\u00e4gt dazu bei sie zu erhalten.<\/p>\n\n\n<div class=\"wp-block-media-text is-stacked-on-mobile\"><figure class=\"wp-block-media-text__media\"><img loading=\"lazy\" decoding=\"async\" width=\"1358\" height=\"926\" src=\"https:\/\/stammkoenigartus.de\/wp-content\/uploads\/Raubritter24.jpg\" alt=\"\" class=\"wp-image-19753 size-full\" srcset=\"https:\/\/stammkoenigartus.de\/wp-content\/uploads\/Raubritter24.jpg 1358w, https:\/\/stammkoenigartus.de\/wp-content\/uploads\/Raubritter24-480x327.jpg 480w, https:\/\/stammkoenigartus.de\/wp-content\/uploads\/Raubritter24-768x524.jpg 768w, https:\/\/stammkoenigartus.de\/wp-content\/uploads\/Raubritter24-440x300.jpg 440w, https:\/\/stammkoenigartus.de\/wp-content\/uploads\/Raubritter24-600x409.jpg 600w, https:\/\/stammkoenigartus.de\/wp-content\/uploads\/Raubritter24-400x273.jpg 400w\" sizes=\"auto, (max-width: 1358px) 100vw, 1358px\" \/><\/figure><div class=\"wp-block-media-text__content\">\n<p><\/p>\n\n\n\n<p><strong>Sippe Raubritter<\/strong><\/p>\n\n\n\n<p>Jahrgang: 2013-2015<\/p>\n\n\n\n<p>Sippenf\u00fchrer: Stefan<\/p>\n\n\n\n<p>Kontakt: stefan@stammkoenigartus.de<\/p>\n\n\n\n\t\t<div class=\"wcs-timetable__wrapper\">\n\t\t\t<div class=\"wcs-vue\" id=\"wcs-app-38\"><\/div>\n\t\t<\/div>\n\t\t\n\n\n\n<p><\/p>\n<\/div><\/div>\n\n\n\n<div class=\"wp-block-media-text alignwide has-media-on-the-right is-stacked-on-mobile\"><div class=\"wp-block-media-text__content\">\n<p><strong>Sippe Merlin<\/strong><\/p>\n\n\n\n<p>Jahrgang: 2006-2007<\/p>\n\n\n\n<p>Sippenf\u00fchrer: Max<\/p>\n\n\n\n<p>Kontakt: max@stammkoenigartus.de<\/p>\n\n\n\t\t<div class=\"wcs-timetable__wrapper\">\n\t\t\t<div class=\"wcs-vue\" id=\"wcs-app-27\"><\/div>\n\t\t<\/div>\n\t\t\n<\/div><figure class=\"wp-block-media-text__media\"><img loading=\"lazy\" decoding=\"async\" width=\"490\" height=\"600\" src=\"https:\/\/stammkoenigartus.de\/wp-content\/uploads\/IMG_20210808_150913.jpg\" alt=\"\" class=\"wp-image-17307 size-full\" srcset=\"https:\/\/stammkoenigartus.de\/wp-content\/uploads\/IMG_20210808_150913.jpg 490w, https:\/\/stammkoenigartus.de\/wp-content\/uploads\/IMG_20210808_150913-480x588.jpg 480w, https:\/\/stammkoenigartus.de\/wp-content\/uploads\/IMG_20210808_150913-188x230.jpg 188w, https:\/\/stammkoenigartus.de\/wp-content\/uploads\/IMG_20210808_150913-400x490.jpg 400w\" sizes=\"auto, (max-width: 490px) 100vw, 490px\" \/><\/figure><\/div>\n\n\n\n<div class=\"wp-block-media-text alignwide is-stacked-on-mobile\"><figure class=\"wp-block-media-text__media\"><img loading=\"lazy\" decoding=\"async\" width=\"943\" height=\"905\" src=\"https:\/\/stammkoenigartus.de\/wp-content\/uploads\/Artus24.jpg\" alt=\"\" class=\"wp-image-19750 size-full\" srcset=\"https:\/\/stammkoenigartus.de\/wp-content\/uploads\/Artus24.jpg 943w, https:\/\/stammkoenigartus.de\/wp-content\/uploads\/Artus24-480x461.jpg 480w, https:\/\/stammkoenigartus.de\/wp-content\/uploads\/Artus24-768x737.jpg 768w, https:\/\/stammkoenigartus.de\/wp-content\/uploads\/Artus24-313x300.jpg 313w, https:\/\/stammkoenigartus.de\/wp-content\/uploads\/Artus24-600x576.jpg 600w, https:\/\/stammkoenigartus.de\/wp-content\/uploads\/Artus24-400x384.jpg 400w\" sizes=\"auto, (max-width: 943px) 100vw, 943px\" \/><\/figure><div class=\"wp-block-media-text__content\">\n<p><strong>Sippe Artus<\/strong><\/p>\n\n\n\n<p>Jahrgang: 2010-2012<\/p>\n\n\n\n<p>Sippenf\u00fchrer: Lennard<\/p>\n\n\n\n<p>Kontakt: lennard@stammkoenigartus.de<\/p>\n\n\n\n\t\t<div class=\"wcs-timetable__wrapper\">\n\t\t\t<div class=\"wcs-vue\" id=\"wcs-app-30\"><\/div>\n\t\t<\/div>\n\t\t\n<\/div><\/div>\n\n\n\n<div class=\"wp-block-media-text alignwide has-media-on-the-right is-stacked-on-mobile\" style=\"grid-template-columns:auto 61%\"><div class=\"wp-block-media-text__content\">\n<p><\/p>\n\n\n\n<p><\/p>\n\n\n\n<p><strong>Sippe Mordred<\/strong><\/p>\n\n\n\n<p>Sippenf\u00fchrerin: Lennya<\/p>\n\n\n\n<p>Treffpunkt immer woanders<\/p>\n\n\n\n<p>Kontakt: felix@stammkoenigartus.de<\/p>\n\n\n\n\t\t<div class=\"wcs-timetable__wrapper\">\n\t\t\t<div class=\"wcs-vue\" id=\"wcs-app-34\"><\/div>\n\t\t<\/div>\n\t\t\n<\/div><figure class=\"wp-block-media-text__media\"><img loading=\"lazy\" decoding=\"async\" width=\"2040\" height=\"1530\" src=\"https:\/\/stammkoenigartus.de\/wp-content\/uploads\/Sippe-Mordred25.jpg\" alt=\"\" class=\"wp-image-21322 size-full\" srcset=\"https:\/\/stammkoenigartus.de\/wp-content\/uploads\/Sippe-Mordred25.jpg 2040w, https:\/\/stammkoenigartus.de\/wp-content\/uploads\/Sippe-Mordred25-480x360.jpg 480w, https:\/\/stammkoenigartus.de\/wp-content\/uploads\/Sippe-Mordred25-768x576.jpg 768w, https:\/\/stammkoenigartus.de\/wp-content\/uploads\/Sippe-Mordred25-1536x1152.jpg 1536w, https:\/\/stammkoenigartus.de\/wp-content\/uploads\/Sippe-Mordred25-400x300.jpg 400w, https:\/\/stammkoenigartus.de\/wp-content\/uploads\/Sippe-Mordred25-600x450.jpg 600w\" sizes=\"auto, (max-width: 2040px) 100vw, 2040px\" \/><\/figure><\/div>\n\n\n\n\n\n<h3>Unsere Sippenaktionen:\u00a0<\/h3>\n\t\t<div class=\"wcs-timetable__wrapper\">\n\t\t\t<div class=\"wcs-vue\" id=\"wcs-app-35\"><\/div>\n\t\t<\/div>\n\t\t\n","protected":false},"excerpt":{"rendered":"<p>Sippenf\u00fchrung: Lagerfeuer, Spiele und ein gemeinsames Ziel. Sipplinge im Alter von 12 bis 18 Jahren treffen sich regelm\u00e4\u00dfig im Pfadfinderheim in Waldbuch und gestalten ihre &hellip;<\/p>\n","protected":false},"author":67,"featured_media":17215,"parent":740,"menu_order":61,"comment_status":"open","ping_status":"closed","template":"","meta":{"_monsterinsights_skip_tracking":false,"_monsterinsights_sitenote_active":false,"_monsterinsights_sitenote_note":"","_monsterinsights_sitenote_category":0,"footnotes":""},"class_list":["post-101","page","type-page","status-publish","has-post-thumbnail","hentry"],"aioseo_notices":[],"_links":{"self":[{"href":"https:\/\/stammkoenigartus.de\/index.php?rest_route=\/wp\/v2\/pages\/101","targetHints":{"allow":["GET"]}}],"collection":[{"href":"https:\/\/stammkoenigartus.de\/index.php?rest_route=\/wp\/v2\/pages"}],"about":[{"href":"https:\/\/stammkoenigartus.de\/index.php?rest_route=\/wp\/v2\/types\/page"}],"author":[{"embeddable":true,"href":"https:\/\/stammkoenigartus.de\/index.php?rest_route=\/wp\/v2\/users\/67"}],"replies":[{"embeddable":true,"href":"https:\/\/stammkoenigartus.de\/index.php?rest_route=%2Fwp%2Fv2%2Fcomments&post=101"}],"version-history":[{"count":73,"href":"https:\/\/stammkoenigartus.de\/index.php?rest_route=\/wp\/v2\/pages\/101\/revisions"}],"predecessor-version":[{"id":21861,"href":"https:\/\/stammkoenigartus.de\/index.php?rest_route=\/wp\/v2\/pages\/101\/revisions\/21861"}],"up":[{"embeddable":true,"href":"https:\/\/stammkoenigartus.de\/index.php?rest_route=\/wp\/v2\/pages\/740"}],"wp:featuredmedia":[{"embeddable":true,"href":"https:\/\/stammkoenigartus.de\/index.php?rest_route=\/wp\/v2\/media\/17215"}],"wp:attachment":[{"href":"https:\/\/stammkoenigartus.de\/index.php?rest_route=%2Fwp%2Fv2%2Fmedia&parent=101"}],"curies":[{"name":"wp","href":"https:\/\/api.w.org\/{rel}","templated":true}]}}