{"id":12028,"date":"2016-07-30T00:30:55","date_gmt":"2016-07-29T22:30:55","guid":{"rendered":"http:\/\/stammkoenigartus.de\/?page_id=12028"},"modified":"2024-07-08T22:27:34","modified_gmt":"2024-07-08T20:27:34","slug":"wir-stellen-uns-vor","status":"publish","type":"page","link":"https:\/\/stammkoenigartus.de\/","title":{"rendered":"Wir stellen uns vor"},"content":{"rendered":"\n<h1 style=\"text-align: center;\">Wir sind der Stamm K\u00f6nig Artus.<\/h1>\n<p>Als Mitglied im deutschen Pfadfinderbund Mosaik, bestehen wir aus 67 W\u00f6lflingen, Pfadfindern und Rovern im Alter von 5-78 Jahren. W\u00f6chentliche Gruppenstunden und regelm\u00e4\u00dfige Aktivit\u00e4ten sind uns genauso wichtig wie gemeinsame Gro\u00dffahrten, Lager und andere Aktionen.<\/p>\n<p style=\"text-align: center;\">Bei uns kann jeder mitmachen egal ob gro\u00df oder klein, einfach mal vorbeikommen.<\/p>\n\n\n\n<figure class=\"wp-block-gallery has-nested-images columns-default is-cropped wp-block-gallery-1 is-layout-flex wp-block-gallery-is-layout-flex\">\n<figure class=\"wp-block-image size-large\"><img loading=\"lazy\" decoding=\"async\" width=\"600\" height=\"800\" data-id=\"17053\" src=\"https:\/\/stammkoenigartus.de\/wp-content\/uploads\/20210807_205242-rotated-e1673755479165.jpg\" alt=\"\" class=\"wp-image-17053\" srcset=\"https:\/\/stammkoenigartus.de\/wp-content\/uploads\/20210807_205242-rotated-e1673755479165.jpg 600w, https:\/\/stammkoenigartus.de\/wp-content\/uploads\/20210807_205242-rotated-e1673755479165-480x640.jpg 480w, https:\/\/stammkoenigartus.de\/wp-content\/uploads\/20210807_205242-rotated-e1673755479165-225x300.jpg 225w, https:\/\/stammkoenigartus.de\/wp-content\/uploads\/20210807_205242-rotated-e1673755479165-400x533.jpg 400w\" sizes=\"auto, (max-width: 600px) 100vw, 600px\" \/><\/figure>\n\n\n\n<figure class=\"wp-block-image size-full\"><img loading=\"lazy\" decoding=\"async\" width=\"450\" height=\"600\" data-id=\"17194\" src=\"https:\/\/stammkoenigartus.de\/wp-content\/uploads\/IMG_20210808_150844.jpg\" alt=\"\" class=\"wp-image-17194\" srcset=\"https:\/\/stammkoenigartus.de\/wp-content\/uploads\/IMG_20210808_150844.jpg 450w, https:\/\/stammkoenigartus.de\/wp-content\/uploads\/IMG_20210808_150844-173x230.jpg 173w, https:\/\/stammkoenigartus.de\/wp-content\/uploads\/IMG_20210808_150844-400x533.jpg 400w\" sizes=\"auto, (max-width: 450px) 100vw, 450px\" \/><\/figure>\n\n\n\n<figure class=\"wp-block-image size-large\"><img loading=\"lazy\" decoding=\"async\" width=\"800\" height=\"600\" data-id=\"17197\" src=\"https:\/\/stammkoenigartus.de\/wp-content\/uploads\/IMG_20220806_124741.jpg\" alt=\"\" class=\"wp-image-17197\" srcset=\"https:\/\/stammkoenigartus.de\/wp-content\/uploads\/IMG_20220806_124741.jpg 800w, https:\/\/stammkoenigartus.de\/wp-content\/uploads\/IMG_20220806_124741-480x360.jpg 480w, https:\/\/stammkoenigartus.de\/wp-content\/uploads\/IMG_20220806_124741-768x576.jpg 768w, https:\/\/stammkoenigartus.de\/wp-content\/uploads\/IMG_20220806_124741-307x230.jpg 307w, https:\/\/stammkoenigartus.de\/wp-content\/uploads\/IMG_20220806_124741-600x450.jpg 600w, https:\/\/stammkoenigartus.de\/wp-content\/uploads\/IMG_20220806_124741-400x300.jpg 400w\" sizes=\"auto, (max-width: 800px) 100vw, 800px\" \/><\/figure>\n<\/figure>\n\n\n\n\n\n<\/p>\n<p><span style=\"font-size: revert; text-indent: 0em;\"><div class=\"su-divider su-divider-style-double\" style=\"margin:15px 0;border-width:5px;border-color:#211b1b\"><\/div><\/span><\/p>\n<p class=\"has-text-align-center\">Nat\u00fcrlich hat unser Stamm viele Gruppen !<\/p>\n<p>\n\n\n\n<p>\u00a0<\/p>\n<p class=\"has-text-align-center\">Es gibt im Allgemeinen drei Stufen, in die sich unser Stamm unterteilt.<br \/>Finde heraus, was sich hinter den Stufen verbirgt, welche Gruppen es gibt und wann sie Gruppenstunde haben.\u00a0<\/p>\n<div class=\"wp-block-columns\">\n<div class=\"wp-block-column\">\n<p style=\"text-align: center;\"><style> #grid-gallery-66-40435 .grid-gallery-caption[data-grid-gallery-type=\"show-on-hover\"]:hover figcaption, #grid-gallery-66-40435 .grid-gallery-caption[data-grid-gallery-type=\"show-on-hover\"].hovered figcaption, #grid-gallery-66-40435 .grid-gallery-caption[data-grid-gallery-type=\"show-on-hover\"]:active figcaption { background-color:rgba(6,102,100,0.6) !important; } <\/style> <div id=\"grid-gallery-66-40435\" data-gg-id=\"66\" data-title=\"Gruppen\" data-grid-type=\"0\" data-offset=\"7\" data-area-position=\"center\" data-icons=\"false\" data-preloader=\"false\" data-width=\"215\" data-height=\"215\" data-padding=\"0\" data-quicksand=\"disabled\" data-quicksand-duration=\"none\" data-popup-type=\"disable\" data-popup-image-text=\"data-description\" data-popup-widthsize=\"auto\" data-popup-heightsize=\"auto\" data-popup-i18n-words=\"{&quot;close&quot;:&quot;schlie\\u00dfen&quot;,&quot;next&quot;:&quot;n\\u00e4chste&quot;,&quot;previous&quot;:&quot;vorherige&quot;,&quot;start_slideshow&quot;:&quot;Starte Slideshow&quot;,&quot;stop_slideshow&quot;:&quot;Stoppe Slideshow&quot;,&quot;image&quot;:&quot;Bild&quot;,&quot;of&quot;:&quot;von&quot;,&quot;prev&quot;:&quot;vorherige&quot;,&quot;cExpand&quot;:&quot;Erweitere&quot;,&quot;cPrevious&quot;:&quot;Vorheriges&quot;,&quot;cNext&quot;:&quot;N\\u00e4chstes&quot;,&quot;cExpandStr&quot;:&quot;Erweitere Bild&quot;,&quot;cRotate&quot;:&quot;Rotate&quot;,&quot;cDetails&quot;:&quot;Details&quot;}\" data-popup-slideshow=\"false\" data-popup-slideshow-speed=\"2500\" data-popup-hoverstop=\"true\" data-popup-slideshow-auto=\"false\" data-popup-background=\"#000000\" data-popup-transparency=\"30\" data-popup-disable-history=\"\" data-popup-disable-changed-url=\"\" data-popup-border-type=\"solid\" data-popup-border-color=\"\" data-popup-border-width=\"\" data-popup-border-enable=\"\" data-fullscreen=\"false\" data-hide-tooltip=\"false\" data-caption-font-family=\"Default\" data-caption-text-size=\"200\" data-is-mobile=\"0\" data-caption-mobile=\"false\" data-hide-long-tltp-title=\"0\" data-caption-disabled-on-mobile=\"false\" data-popup-placement-type=\"0\" data-social-sharing=\"{&quot;enabled&quot;:&quot;&quot;,&quot;gallerySharing&quot;:{&quot;enabled&quot;:null,&quot;position&quot;:null},&quot;imageSharing&quot;:{&quot;enabled&quot;:null,&quot;wrapperClass&quot;:&quot; vertical &quot;},&quot;popupSharing&quot;:{&quot;enabled&quot;:null,&quot;wrapperClass&quot;:&quot; vertical &quot;}}\" class=\"grid-gallery grid-gallery-fixed \" style=\" width:100%; height:auto; margin-left:auto; margin-right:auto;position:relative;\" data-popup-video=\"null\" data-popup-disable-source-image-for-linked-img=\"0\" data-popup-enable-download-photos-button=\"0\" data-thumbnail-size=\"150x150\"> <div class=\"gallery-sharing-top\" style=\"display:none;\"> <\/div> <div id=\"photos-66\" class=\"grid-gallery-photos\"><a id=\"gg-66-489\" class=\"gg-link \" data-attachment-id=\"17234\" href=\"https:\/\/stammkoenigartus.de\/?page_id=99\" target=\"_blank\" title=\"wolfskopf\" rel=\"\" data-type=\"link\" style=\"border-radius:68%;\" ><FIGURE data-tags=\"\" data-id=\"489\" class=\"grid-gallery-caption\" data-grid-gallery-type=\"center\" data-index=\"0\" style=\"display:none;border:5px solid #000000; border-radius:68%;; margin:7px; width:2150;\" ><div class=\"crop\" style=\" width:2150; height:2150; overflow:hidden;\"><img decoding=\"async\" src=\"https:\/\/stammkoenigartus.de\/wp-content\/uploads\/wolfskopf--215x215.png\" class=\"ggImg\" alt=\"wolfskopf\" title=\"wolfskopf\" data-description=\"wolfskopf\" data-caption=\"Meute 5-11 Jahre\" data-title=\"wolfskopf\" style=\" width:215px; height:215px;\" \/><\/div><FIGCAPTION class=\"\" data-alpha=\"4\" style=\"color:#e9b44c; background-color:#066664; font-size:200; text-align:left; font-family:Default;\" ><div class=\"grid-gallery-figcaption-wrap\" style=\" vertical-align:top;\"><div class=\"gg-image-caption fitvidsignore\" style=\"font-size:200;\"><object type=\"none\/none\">Meute 5-11 Jahre <\/object><\/div><\/div><\/FIGCAPTION><\/FIGURE><\/a><a id=\"gg-66-497\" class=\"gg-link \" data-attachment-id=\"14533\" href=\"https:\/\/stammkoenigartus.de\/?page_id=101\" target=\"_blank\" title=\"lilie_blau1\" rel=\"\" data-type=\"link\" style=\"border-radius:68%;\" ><FIGURE data-tags=\"\" data-id=\"497\" class=\"grid-gallery-caption\" data-grid-gallery-type=\"center\" data-index=\"1\" style=\"display:none;border:5px solid #000000; border-radius:68%;; margin:7px; width:2150;\" ><div class=\"crop\" style=\" width:2150; height:2150; overflow:hidden;\"><img decoding=\"async\" src=\"https:\/\/stammkoenigartus.de\/wp-content\/uploads\/lilie_blau1-215x215.jpg\" class=\"ggImg\" alt=\"lilie_blau2\" title=\"lilie_blau1\" data-description=\"lilie_blau1\" data-caption=\"Sippe 12-18 Jahre\" data-title=\"lilie_blau1\" style=\" width:215px; height:215px;\" \/><\/div><FIGCAPTION class=\"\" data-alpha=\"4\" style=\"color:#e9b44c; background-color:#066664; font-size:200; text-align:left; font-family:Default;\" ><div class=\"grid-gallery-figcaption-wrap\" style=\" vertical-align:top;\"><div class=\"gg-image-caption fitvidsignore\" style=\"font-size:200;\"><object type=\"none\/none\">Sippe 12-18 Jahre <\/object><\/div><\/div><\/FIGCAPTION><\/FIGURE><\/a><a id=\"gg-66-486\" class=\"gg-link \" data-attachment-id=\"17257\" href=\"https:\/\/stammkoenigartus.de\/?page_id=1124\" target=\"_blank\" title=\"Lilie Rot Rover\" rel=\"\" data-type=\"link\" style=\"border-radius:68%;\" ><FIGURE data-tags=\"\" data-id=\"486\" class=\"grid-gallery-caption\" data-grid-gallery-type=\"center\" data-index=\"2\" style=\"display:none;border:5px solid #000000; border-radius:68%;; margin:7px; width:2150;\" ><div class=\"crop\" style=\" width:2150; height:2150; overflow:hidden;\"><img decoding=\"async\" src=\"https:\/\/stammkoenigartus.de\/wp-content\/uploads\/Lilie-Rot-215x215.jpg\" class=\"ggImg\" alt=\"Lilie Rot Rover\" title=\"Lilie Rot Rover\" data-description=\"Lilie Rot Rover\" data-caption=\"Rover ab 18 Jahren\" data-title=\"Lilie Rot Rover\" style=\" width:215px; height:215px;\" \/><\/div><FIGCAPTION class=\"\" data-alpha=\"4\" style=\"color:#e9b44c; background-color:#066664; font-size:200; text-align:left; font-family:Default;\" ><div class=\"grid-gallery-figcaption-wrap\" style=\" vertical-align:top;\"><div class=\"gg-image-caption fitvidsignore\" style=\"font-size:200;\"><object type=\"none\/none\">Rover ab 18 Jahren <\/object><\/div><\/div><\/FIGCAPTION><\/FIGURE><\/a><a id=\"gg-66-490\" class=\"gg-link \" data-attachment-id=\"17242\" href=\"https:\/\/stammkoenigartus.de\/?page_id=13241\" target=\"_self\" title=\"gitarre\" rel=\"\" data-type=\"link\" style=\"border-radius:68%;\" ><FIGURE data-tags=\"\" data-id=\"490\" class=\"grid-gallery-caption\" data-grid-gallery-type=\"center\" data-index=\"3\" style=\"display:none;border:5px solid #000000; border-radius:68%;; margin:7px; width:2150;\" ><div class=\"crop\" style=\" width:2150; height:2150; overflow:hidden;\"><img decoding=\"async\" src=\"https:\/\/stammkoenigartus.de\/wp-content\/uploads\/les-paul-guitar-drawing-1-1-215x215.jpg\" class=\"ggImg\" alt=\"gitarre\" title=\"gitarre\" data-description=\"gitarre\" data-caption=\"Kulinarischer Freitag alle Altersklassen\" data-title=\"gitarre\" style=\" width:215px; height:215px;\" \/><\/div><FIGCAPTION class=\"\" data-alpha=\"4\" style=\"color:#e9b44c; background-color:#066664; font-size:200; text-align:left; font-family:Default;\" ><div class=\"grid-gallery-figcaption-wrap\" style=\" vertical-align:top;\"><div class=\"gg-image-caption fitvidsignore\" style=\"font-size:200;\"><object type=\"none\/none\">Kulinarischer Freitag alle Altersklassen <\/object><\/div><\/div><\/FIGCAPTION><\/FIGURE><\/a><a id=\"gg-66-491\" class=\"gg-link \" data-attachment-id=\"17425\" href=\"https:\/\/stammkoenigartus.de\/?page_id=14976\" target=\"_self\" title=\"kompasss\" rel=\"\" data-type=\"link\" style=\"border-radius:68%;\" ><FIGURE data-tags=\"\" data-id=\"491\" class=\"grid-gallery-caption\" data-grid-gallery-type=\"center\" data-index=\"4\" style=\"display:none;border:5px solid #000000; border-radius:68%;; margin:7px; width:2150;\" ><div class=\"crop\" style=\" width:2150; height:2150; overflow:hidden;\"><img decoding=\"async\" src=\"https:\/\/stammkoenigartus.de\/wp-content\/uploads\/kompasss-215x215.jpg\" class=\"ggImg\" alt=\"kompasss\" title=\"kompasss\" data-description=\"kompasss\" data-caption=\"Stammesf\u00fchrung\" data-title=\"kompasss\" style=\" width:215px; height:215px;\" \/><\/div><FIGCAPTION class=\"\" data-alpha=\"4\" style=\"color:#e9b44c; background-color:#066664; font-size:200; text-align:left; font-family:Default;\" ><div class=\"grid-gallery-figcaption-wrap\" style=\" vertical-align:top;\"><div class=\"gg-image-caption fitvidsignore\" style=\"font-size:200;\"><object type=\"none\/none\">Stammesf\u00fchrung <\/object><\/div><\/div><\/FIGCAPTION><\/FIGURE><\/a> <div class=\"grid-gallery-clearfix\"><\/div> <\/div> <div class=\"gallery-sharing-bottom\" style=\"display:none;\"> <\/div> <div class=\"gallery-sharing-image\" style=\"display:none;\"> <\/div> <div class=\"gallery-sharing-popup\" style=\"display:none;\"> <\/div> <div class=\"grid-gallery-clearfix\"><\/div> <\/div> <!-- Gallery by Supsystic plugin1.16.0 \/2.10.00 --> <style> <\/style><a title=\"\" style=\"display:none;\" href=\"https:\/\/supsystic.com\/plugins\/photo-gallery\/?utm_medium=love_link\" target=\"_blank\"><\/a>\n<\/div>\n<\/div>\n<h3>Hier kann jeder dabei sein. Kommt !<\/h3>\n\t\t<div class=\"wcs-timetable__wrapper\">\n\t\t\t<div class=\"wcs-vue\" id=\"wcs-app-19\"><\/div>\n\t\t<\/div>\n\t\t\n<p>\u00a0<\/p>\n\n\n<p><!-- \/wp:post-content --> <!-- wp:column --><\/p>\n<p><!-- \/wp:column --><\/p>\n<p><!-- \/wp:columns --><!-- wp:columns --><span style=\"font-size: revert; text-indent: 0em;\"><div class=\"su-divider su-divider-style-double\" style=\"margin:15px 0;border-width:5px;border-color:#211b1b\"><\/div><\/span><\/p>\n<div class=\"wp-block-columns\"><!-- wp:column {\"width\":\"100%\"} -->\n<div class=\"wp-block-column\"><!-- wp:columns -->\n<div class=\"wp-block-columns\"><!-- wp:column {\"width\":\"100%\"} -->\n<div class=\"wp-block-column\"><!-- wp:columns -->\n<div class=\"wp-block-columns\"><!-- wp:column -->\n<div class=\"wp-block-column\"><!-- wp:tadv\/classic-paragraph --><\/div>\n<\/div>\n<\/div>\n<\/div>\n<\/div>\n<\/div>\n<p><!-- wp:tadv\/classic-paragraph \/--><\/p>\n<p><!-- wp:tadv\/classic-paragraph \/--><\/p>\n<p><!-- wp:tadv\/classic-paragraph \/--><\/p>\n<p><!-- wp:tadv\/classic-paragraph \/--><\/p>","protected":false},"excerpt":{"rendered":"<p>Wir sind der Stamm K\u00f6nig Artus. Als Mitglied im deutschen Pfadfinderbund Mosaik, bestehen wir aus 67 W\u00f6lflingen, Pfadfindern und Rovern im Alter von 5-78 Jahren. &hellip;<\/p>\n","protected":false},"author":2,"featured_media":0,"parent":17222,"menu_order":0,"comment_status":"closed","ping_status":"closed","template":"","meta":{"_monsterinsights_skip_tracking":false,"_monsterinsights_sitenote_active":false,"_monsterinsights_sitenote_note":"","_monsterinsights_sitenote_category":0,"footnotes":""},"class_list":["post-12028","page","type-page","status-publish","hentry"],"aioseo_notices":[],"_links":{"self":[{"href":"https:\/\/stammkoenigartus.de\/index.php?rest_route=\/wp\/v2\/pages\/12028","targetHints":{"allow":["GET"]}}],"collection":[{"href":"https:\/\/stammkoenigartus.de\/index.php?rest_route=\/wp\/v2\/pages"}],"about":[{"href":"https:\/\/stammkoenigartus.de\/index.php?rest_route=\/wp\/v2\/types\/page"}],"author":[{"embeddable":true,"href":"https:\/\/stammkoenigartus.de\/index.php?rest_route=\/wp\/v2\/users\/2"}],"replies":[{"embeddable":true,"href":"https:\/\/stammkoenigartus.de\/index.php?rest_route=%2Fwp%2Fv2%2Fcomments&post=12028"}],"version-history":[{"count":42,"href":"https:\/\/stammkoenigartus.de\/index.php?rest_route=\/wp\/v2\/pages\/12028\/revisions"}],"predecessor-version":[{"id":21684,"href":"https:\/\/stammkoenigartus.de\/index.php?rest_route=\/wp\/v2\/pages\/12028\/revisions\/21684"}],"up":[{"embeddable":true,"href":"https:\/\/stammkoenigartus.de\/index.php?rest_route=\/wp\/v2\/pages\/17222"}],"wp:attachment":[{"href":"https:\/\/stammkoenigartus.de\/index.php?rest_route=%2Fwp%2Fv2%2Fmedia&parent=12028"}],"curies":[{"name":"wp","href":"https:\/\/api.w.org\/{rel}","templated":true}]}}