{"id":14976,"date":"2018-10-12T10:13:55","date_gmt":"2018-10-12T08:13:55","guid":{"rendered":"http:\/\/stammkoenigartus.de\/?page_id=14976"},"modified":"2025-07-18T08:14:51","modified_gmt":"2025-07-18T06:14:51","slug":"stammesfuehrung-neu","status":"publish","type":"page","link":"https:\/\/stammkoenigartus.de\/?page_id=14976","title":{"rendered":"Stammesf\u00fchrung"},"content":{"rendered":"\n<p style=\"text-align: center\"><span style=\"font-size: 14pt;color: #000000;font-family: arial, helvetica, sans-serif\">Wir haben 5 Menschen, welche den Stamm vorantreiben und sich um die Vertretung vor Kreisjugendring und Pfadfinderbund k\u00fcmmern. Nebenbei sorgen sie sich um die Finanzen und managen Aktionen, Gro\u00dffahrten und viele andere Dinge. Ohne sie geht nichts!<\/span><\/p>\n\n\n\n<div class=\"wp-block-media-text alignwide is-stacked-on-mobile\"><figure class=\"wp-block-media-text__media\"><img loading=\"lazy\" decoding=\"async\" width=\"1404\" height=\"1188\" src=\"https:\/\/stammkoenigartus.de\/wp-content\/uploads\/selma.jpg\" alt=\"Selma\" class=\"wp-image-17429 size-full\" srcset=\"https:\/\/stammkoenigartus.de\/wp-content\/uploads\/selma.jpg 1404w, https:\/\/stammkoenigartus.de\/wp-content\/uploads\/selma-480x406.jpg 480w, https:\/\/stammkoenigartus.de\/wp-content\/uploads\/selma-768x650.jpg 768w, https:\/\/stammkoenigartus.de\/wp-content\/uploads\/selma-272x230.jpg 272w, https:\/\/stammkoenigartus.de\/wp-content\/uploads\/selma-600x508.jpg 600w, https:\/\/stammkoenigartus.de\/wp-content\/uploads\/selma-400x338.jpg 400w\" sizes=\"auto, (max-width: 1404px) 100vw, 1404px\" \/><\/figure><div class=\"wp-block-media-text__content\">\n<h1 class=\"wp-block-heading\">Stammesf\u00fchrer<\/h1>\n\n\n\n<p><strong>Lukas Porzelt<\/strong><\/p>\n\n\n\n<p>Am Stammeslager 2025 w\u00e4hlte unser Stamm Selma einstimmig zum Stammesf\u00fchrer. Er hat nun die Aufgabe voran zu gehen und den Stamm auf neue Wege zu f\u00fchren. Seine Kreativit\u00e4t, sein ruhiges Wesen und seine endlose Geduld unterst\u00fctzen ihn dabei.<\/p>\n<\/div><\/div>\n\n\n\n<div class=\"wp-block-media-text alignwide has-media-on-the-right is-stacked-on-mobile\"><div class=\"wp-block-media-text__content\">\n<h1 class=\"wp-block-heading\"><strong>Stellvertretende Stammesf\u00fchrerin<\/strong><\/h1>\n\n\n\n<p><strong>Lisa<\/strong> <\/p>\n\n\n\n<p>Im Jahr 2023 kam Lisa zu uns. Kreativ, direkt und mit klaren Vorstellungen was andere brauchen. Seit letztem Jahr f\u00fchrt sie die Meute Fledermaus mit viel Herzblut und Engagement. Dieses bringt Sie nun auch auf Stammesebene in allen wichtigen Entscheidungen ein und bringt so den Stamm weiter nach vorne. <\/p>\n<\/div><figure class=\"wp-block-media-text__media\"><img loading=\"lazy\" decoding=\"async\" width=\"857\" height=\"815\" src=\"https:\/\/stammkoenigartus.de\/wp-content\/uploads\/Lisa25.jpg\" alt=\"\" class=\"wp-image-21263 size-full\" srcset=\"https:\/\/stammkoenigartus.de\/wp-content\/uploads\/Lisa25.jpg 857w, https:\/\/stammkoenigartus.de\/wp-content\/uploads\/Lisa25-480x456.jpg 480w, https:\/\/stammkoenigartus.de\/wp-content\/uploads\/Lisa25-768x730.jpg 768w, https:\/\/stammkoenigartus.de\/wp-content\/uploads\/Lisa25-315x300.jpg 315w, https:\/\/stammkoenigartus.de\/wp-content\/uploads\/Lisa25-600x571.jpg 600w, https:\/\/stammkoenigartus.de\/wp-content\/uploads\/Lisa25-400x380.jpg 400w\" sizes=\"auto, (max-width: 857px) 100vw, 857px\" \/><\/figure><\/div>\n\n\n\n<div class=\"wp-block-media-text alignwide is-stacked-on-mobile\"><figure class=\"wp-block-media-text__media\"><img loading=\"lazy\" decoding=\"async\" width=\"601\" height=\"1070\" src=\"https:\/\/stammkoenigartus.de\/wp-content\/uploads\/Erik-25.jpg\" alt=\"\" class=\"wp-image-21271 size-full\" srcset=\"https:\/\/stammkoenigartus.de\/wp-content\/uploads\/Erik-25.jpg 601w, https:\/\/stammkoenigartus.de\/wp-content\/uploads\/Erik-25-480x855.jpg 480w, https:\/\/stammkoenigartus.de\/wp-content\/uploads\/Erik-25-169x300.jpg 169w, https:\/\/stammkoenigartus.de\/wp-content\/uploads\/Erik-25-600x1068.jpg 600w, https:\/\/stammkoenigartus.de\/wp-content\/uploads\/Erik-25-337x600.jpg 337w\" sizes=\"auto, (max-width: 601px) 100vw, 601px\" \/><\/figure><div class=\"wp-block-media-text__content\">\n<h1 class=\"wp-block-heading\"><strong>Stellvertretender Stammesf\u00fchrer<\/strong><\/h1>\n\n\n\n<p>und <strong>Erik<\/strong><\/p>\n\n\n\n<p>Kam im Mai 2022 zu uns in den Stamm und ist bekannt f\u00fcr seine aktive Beteiligung. Seit letztem Jahr ist Erik als Meuten Helfer aktiv und unterst\u00fctzt Selma bei den Gruppenstunden er plant Aktionen mit viel Leidenschaft und Herzblut und das sp\u00fcrt jeder Teilnehmer. <\/p>\n\n\n\n<p>Nun ist es an ihm zusammen mit Lisa, Selma bei seinen Aufgaben zu unterst\u00fctzen und mit zu entscheiden, wohin der Stamm gehen soll.  <\/p>\n<\/div><\/div>\n\n\n\n<div class=\"wp-block-media-text alignwide has-media-on-the-right is-stacked-on-mobile\"><div class=\"wp-block-media-text__content\">\n<h1 class=\"wp-block-heading\"><strong>&nbsp;Schatzmeister<\/strong><\/h1>\n\n\n\n<p><strong><strong>Stefan<\/strong><\/strong><\/p>\n\n\n\n<p>Seit 2001 im Stamm dabei hat Stefan auf vielen Ebenen mit unterst\u00fctzt. Er \u00fcbernimmt nun Lukas Aufgaben, bringt sich so oft es geht im Stamm ein. Die Sippe Raubritter vertritt er im Stamm als Sippenf\u00fchrer.<\/p>\n<\/div><figure class=\"wp-block-media-text__media\"><img loading=\"lazy\" decoding=\"async\" width=\"1579\" height=\"2560\" src=\"https:\/\/stammkoenigartus.de\/wp-content\/uploads\/Stefan24-scaled.jpg\" alt=\"\" class=\"wp-image-19778 size-full\" srcset=\"https:\/\/stammkoenigartus.de\/wp-content\/uploads\/Stefan24-scaled.jpg 1579w, https:\/\/stammkoenigartus.de\/wp-content\/uploads\/Stefan24-480x778.jpg 480w, https:\/\/stammkoenigartus.de\/wp-content\/uploads\/Stefan24-768x1245.jpg 768w, https:\/\/stammkoenigartus.de\/wp-content\/uploads\/Stefan24-947x1536.jpg 947w, https:\/\/stammkoenigartus.de\/wp-content\/uploads\/Stefan24-1263x2048.jpg 1263w, https:\/\/stammkoenigartus.de\/wp-content\/uploads\/Stefan24-185x300.jpg 185w, https:\/\/stammkoenigartus.de\/wp-content\/uploads\/Stefan24-600x973.jpg 600w, https:\/\/stammkoenigartus.de\/wp-content\/uploads\/Stefan24-370x600.jpg 370w\" sizes=\"auto, (max-width: 1579px) 100vw, 1579px\" \/><\/figure><\/div>\n\n\n\n<div class=\"wp-block-media-text alignwide is-stacked-on-mobile\"><figure class=\"wp-block-media-text__media\"><img loading=\"lazy\" decoding=\"async\" width=\"938\" height=\"816\" src=\"https:\/\/stammkoenigartus.de\/wp-content\/uploads\/Fredi25.jpg\" alt=\"\" class=\"wp-image-21274 size-full\" srcset=\"https:\/\/stammkoenigartus.de\/wp-content\/uploads\/Fredi25.jpg 938w, https:\/\/stammkoenigartus.de\/wp-content\/uploads\/Fredi25-480x418.jpg 480w, https:\/\/stammkoenigartus.de\/wp-content\/uploads\/Fredi25-768x668.jpg 768w, https:\/\/stammkoenigartus.de\/wp-content\/uploads\/Fredi25-345x300.jpg 345w, https:\/\/stammkoenigartus.de\/wp-content\/uploads\/Fredi25-600x522.jpg 600w, https:\/\/stammkoenigartus.de\/wp-content\/uploads\/Fredi25-400x348.jpg 400w\" sizes=\"auto, (max-width: 938px) 100vw, 938px\" \/><\/figure><div class=\"wp-block-media-text__content\">\n<h1 class=\"wp-block-heading\"><strong>Lastschrift-Meister<\/strong><\/h1>\n\n\n\n<p><strong>Fredi<\/strong><\/p>\n\n\n\n<p>Er wird unserem Schatzmeister beim Lastschrifteneinzug unterst\u00fctzen. Fredi ist seit 2016 im Stamm aktiv und war bereits als Sippling bei uns. Der Lastschrifteneinzug ist ein Service f\u00fcr alle Mitglieder und erspart uns m\u00fchsames Geld einsammeln vor jeder Aktion. Fredi wird diese Aufgabe \u00fcbernehmen und Stefan unterst\u00fctzen.<\/p>\n<\/div><\/div>\n\n\n\n<p><span style=\"font-size: revert; text-indent: 0em;\"><div class=\"su-divider su-divider-style-double\" style=\"margin:15px 0;border-width:5px;border-color:#211b1b\"><\/div><\/span><\/p>\n<h2>Zusatz\u00e4mter<\/h2>\n<p>Neben dem Tun der Stammesf\u00fchrung erleichtern weitere 5 Pfadfinder die &#8222;Last&#8220; auf deren Schultern. Hohen Respekt an alle, die so selbstlos diese Aufgaben \u00fcbernommen haben. Wir schulden ihnen Dank und Unterst\u00fctzung bei ihrem Handeln.\u00a0<\/p>\n\n\n\n<div class=\"wp-block-media-text alignwide has-media-on-the-right is-stacked-on-mobile\"><div class=\"wp-block-media-text__content\">\n<h1 class=\"wp-block-heading\"><strong>Mitgliederverwaltung<\/strong><\/h1>\n\n\n\n<p><strong>Lenny<\/strong><\/p>\n\n\n\n<p>Lenny tr\u00e4gt alle Mitglieder in unsere Mitgliederverwaltung ein und aktualisiert diese st\u00e4ndig. Er tr\u00e4gt die Verantwortung daf\u00fcr die Chronik in unserem Stamm und h\u00e4lt dort fest, wer in welcher Zeit in welcher Gruppe war, welches Abzeichen oder Halstuch bekommen hat, etc.<\/p>\n<\/div><figure class=\"wp-block-media-text__media\"><img loading=\"lazy\" decoding=\"async\" width=\"962\" height=\"1045\" src=\"https:\/\/stammkoenigartus.de\/wp-content\/uploads\/Lenny25.jpg\" alt=\"\" class=\"wp-image-21275 size-full\" srcset=\"https:\/\/stammkoenigartus.de\/wp-content\/uploads\/Lenny25.jpg 962w, https:\/\/stammkoenigartus.de\/wp-content\/uploads\/Lenny25-480x521.jpg 480w, https:\/\/stammkoenigartus.de\/wp-content\/uploads\/Lenny25-768x834.jpg 768w, https:\/\/stammkoenigartus.de\/wp-content\/uploads\/Lenny25-276x300.jpg 276w, https:\/\/stammkoenigartus.de\/wp-content\/uploads\/Lenny25-600x652.jpg 600w, https:\/\/stammkoenigartus.de\/wp-content\/uploads\/Lenny25-400x435.jpg 400w\" sizes=\"auto, (max-width: 962px) 100vw, 962px\" \/><\/figure><\/div>\n\n\n\n<div class=\"wp-block-media-text alignwide is-stacked-on-mobile\"><figure class=\"wp-block-media-text__media\"><img loading=\"lazy\" decoding=\"async\" width=\"940\" height=\"1059\" src=\"https:\/\/stammkoenigartus.de\/wp-content\/uploads\/Lennya25-1.jpg\" alt=\"\" class=\"wp-image-21272 size-full\" srcset=\"https:\/\/stammkoenigartus.de\/wp-content\/uploads\/Lennya25-1.jpg 940w, https:\/\/stammkoenigartus.de\/wp-content\/uploads\/Lennya25-1-480x541.jpg 480w, https:\/\/stammkoenigartus.de\/wp-content\/uploads\/Lennya25-1-768x865.jpg 768w, https:\/\/stammkoenigartus.de\/wp-content\/uploads\/Lennya25-1-266x300.jpg 266w, https:\/\/stammkoenigartus.de\/wp-content\/uploads\/Lennya25-1-600x676.jpg 600w, https:\/\/stammkoenigartus.de\/wp-content\/uploads\/Lennya25-1-400x451.jpg 400w\" sizes=\"auto, (max-width: 940px) 100vw, 940px\" \/><\/figure><div class=\"wp-block-media-text__content\">\n<h1 class=\"wp-block-heading\"><strong>Materialw\u00e4rter<\/strong><\/h1>\n\n\n\n<p><strong>Lennya<\/strong><\/p>\n\n\n\n<p>Lennya k\u00fcmmert sich nun zusammen mit allen Sipplingen des Stammes um das ganze Zeltmaterial, die Stangen, Kreuze und alles was wir sonst noch so haben. Ihre Aufgabe ist es, dass alles wieder an seinen Platz zur\u00fcck findet, nachdem es verwendet wurde. Die Ordnung im Material- und Stangenraum ist ihr handeln. Wenn was repariert werden muss, k\u00fcmmern sich alle darum, dass es getan wird.<\/p>\n<\/div><\/div>\n","protected":false},"excerpt":{"rendered":"<p>Wir haben 5 Menschen, welche den Stamm vorantreiben und sich um die Vertretung vor Kreisjugendring und Pfadfinderbund k\u00fcmmern. Nebenbei sorgen sie sich um die Finanzen &hellip;<\/p>\n","protected":false},"author":2,"featured_media":0,"parent":740,"menu_order":0,"comment_status":"closed","ping_status":"closed","template":"","meta":{"_monsterinsights_skip_tracking":false,"_monsterinsights_sitenote_active":false,"_monsterinsights_sitenote_note":"","_monsterinsights_sitenote_category":0,"footnotes":""},"class_list":["post-14976","page","type-page","status-publish","hentry"],"aioseo_notices":[],"_links":{"self":[{"href":"https:\/\/stammkoenigartus.de\/index.php?rest_route=\/wp\/v2\/pages\/14976","targetHints":{"allow":["GET"]}}],"collection":[{"href":"https:\/\/stammkoenigartus.de\/index.php?rest_route=\/wp\/v2\/pages"}],"about":[{"href":"https:\/\/stammkoenigartus.de\/index.php?rest_route=\/wp\/v2\/types\/page"}],"author":[{"embeddable":true,"href":"https:\/\/stammkoenigartus.de\/index.php?rest_route=\/wp\/v2\/users\/2"}],"replies":[{"embeddable":true,"href":"https:\/\/stammkoenigartus.de\/index.php?rest_route=%2Fwp%2Fv2%2Fcomments&post=14976"}],"version-history":[{"count":30,"href":"https:\/\/stammkoenigartus.de\/index.php?rest_route=\/wp\/v2\/pages\/14976\/revisions"}],"predecessor-version":[{"id":21276,"href":"https:\/\/stammkoenigartus.de\/index.php?rest_route=\/wp\/v2\/pages\/14976\/revisions\/21276"}],"up":[{"embeddable":true,"href":"https:\/\/stammkoenigartus.de\/index.php?rest_route=\/wp\/v2\/pages\/740"}],"wp:attachment":[{"href":"https:\/\/stammkoenigartus.de\/index.php?rest_route=%2Fwp%2Fv2%2Fmedia&parent=14976"}],"curies":[{"name":"wp","href":"https:\/\/api.w.org\/{rel}","templated":true}]}}

Stammesführung

<p style="text-align: center"><span style="font-size: 14pt;color: #000000;font-family: arial, helvetica, sans-serif">Wir haben 5 Menschen, welche den Stamm vorantreiben und sich um die Vertretung vor Kreisjugendring und Pfadfinderbund kümmern. Nebenbei sorgen sie sich um die Finanzen und managen Aktionen, Großfahrten und viele andere Dinge. Ohne sie geht nichts!</span></p>



<div class="wp-block-media-text alignwide is-stacked-on-mobile"><figure class="wp-block-media-text__media"><img loading="lazy" decoding="async" width="1404" height="1188" src="https://stammkoenigartus.de/wp-content/uploads/selma.jpg" alt="Selma" class="wp-image-17429 size-full" srcset="https://stammkoenigartus.de/wp-content/uploads/selma.jpg 1404w, https://stammkoenigartus.de/wp-content/uploads/selma-480x406.jpg 480w, https://stammkoenigartus.de/wp-content/uploads/selma-768x650.jpg 768w, https://stammkoenigartus.de/wp-content/uploads/selma-272x230.jpg 272w, https://stammkoenigartus.de/wp-content/uploads/selma-600x508.jpg 600w, https://stammkoenigartus.de/wp-content/uploads/selma-400x338.jpg 400w" sizes="auto, (max-width: 1404px) 100vw, 1404px" /></figure><div class="wp-block-media-text__content">
<h1 class="wp-block-heading">Stammesführer</h1>



<p><strong>Lukas Porzelt</strong></p>



<p>Am Stammeslager 2025 wählte unser Stamm Selma einstimmig zum Stammesführer. Er hat nun die Aufgabe voran zu gehen und den Stamm auf neue Wege zu führen. Seine Kreativität, sein ruhiges Wesen und seine endlose Geduld unterstützen ihn dabei.</p>
</div></div>



<div class="wp-block-media-text alignwide has-media-on-the-right is-stacked-on-mobile"><div class="wp-block-media-text__content">
<h1 class="wp-block-heading"><strong>Stellvertretende Stammesführerin</strong></h1>



<p><strong>Lisa</strong> </p>



<p>Im Jahr 2023 kam Lisa zu uns. Kreativ, direkt und mit klaren Vorstellungen was andere brauchen. Seit letztem Jahr führt sie die Meute Fledermaus mit viel Herzblut und Engagement. Dieses bringt Sie nun auch auf Stammesebene in allen wichtigen Entscheidungen ein und bringt so den Stamm weiter nach vorne. </p>
</div><figure class="wp-block-media-text__media"><img loading="lazy" decoding="async" width="857" height="815" src="https://stammkoenigartus.de/wp-content/uploads/Lisa25.jpg" alt="" class="wp-image-21263 size-full" srcset="https://stammkoenigartus.de/wp-content/uploads/Lisa25.jpg 857w, https://stammkoenigartus.de/wp-content/uploads/Lisa25-480x456.jpg 480w, https://stammkoenigartus.de/wp-content/uploads/Lisa25-768x730.jpg 768w, https://stammkoenigartus.de/wp-content/uploads/Lisa25-315x300.jpg 315w, https://stammkoenigartus.de/wp-content/uploads/Lisa25-600x571.jpg 600w, https://stammkoenigartus.de/wp-content/uploads/Lisa25-400x380.jpg 400w" sizes="auto, (max-width: 857px) 100vw, 857px" /></figure></div>



<div class="wp-block-media-text alignwide is-stacked-on-mobile"><figure class="wp-block-media-text__media"><img loading="lazy" decoding="async" width="601" height="1070" src="https://stammkoenigartus.de/wp-content/uploads/Erik-25.jpg" alt="" class="wp-image-21271 size-full" srcset="https://stammkoenigartus.de/wp-content/uploads/Erik-25.jpg 601w, https://stammkoenigartus.de/wp-content/uploads/Erik-25-480x855.jpg 480w, https://stammkoenigartus.de/wp-content/uploads/Erik-25-169x300.jpg 169w, https://stammkoenigartus.de/wp-content/uploads/Erik-25-600x1068.jpg 600w, https://stammkoenigartus.de/wp-content/uploads/Erik-25-337x600.jpg 337w" sizes="auto, (max-width: 601px) 100vw, 601px" /></figure><div class="wp-block-media-text__content">
<h1 class="wp-block-heading"><strong>Stellvertretender Stammesführer</strong></h1>



<p>und <strong>Erik</strong></p>



<p>Kam im Mai 2022 zu uns in den Stamm und ist bekannt für seine aktive Beteiligung. Seit letztem Jahr ist Erik als Meuten Helfer aktiv und unterstützt Selma bei den Gruppenstunden er plant Aktionen mit viel Leidenschaft und Herzblut und das spürt jeder Teilnehmer. </p>



<p>Nun ist es an ihm zusammen mit Lisa, Selma bei seinen Aufgaben zu unterstützen und mit zu entscheiden, wohin der Stamm gehen soll.  </p>
</div></div>



<div class="wp-block-media-text alignwide has-media-on-the-right is-stacked-on-mobile"><div class="wp-block-media-text__content">
<h1 class="wp-block-heading"><strong>&nbsp;Schatzmeister</strong></h1>



<p><strong><strong>Stefan</strong></strong></p>



<p>Seit 2001 im Stamm dabei hat Stefan auf vielen Ebenen mit unterstützt. Er übernimmt nun Lukas Aufgaben, bringt sich so oft es geht im Stamm ein. Die Sippe Raubritter vertritt er im Stamm als Sippenführer.</p>
</div><figure class="wp-block-media-text__media"><img loading="lazy" decoding="async" width="1579" height="2560" src="https://stammkoenigartus.de/wp-content/uploads/Stefan24-scaled.jpg" alt="" class="wp-image-19778 size-full" srcset="https://stammkoenigartus.de/wp-content/uploads/Stefan24-scaled.jpg 1579w, https://stammkoenigartus.de/wp-content/uploads/Stefan24-480x778.jpg 480w, https://stammkoenigartus.de/wp-content/uploads/Stefan24-768x1245.jpg 768w, https://stammkoenigartus.de/wp-content/uploads/Stefan24-947x1536.jpg 947w, https://stammkoenigartus.de/wp-content/uploads/Stefan24-1263x2048.jpg 1263w, https://stammkoenigartus.de/wp-content/uploads/Stefan24-185x300.jpg 185w, https://stammkoenigartus.de/wp-content/uploads/Stefan24-600x973.jpg 600w, https://stammkoenigartus.de/wp-content/uploads/Stefan24-370x600.jpg 370w" sizes="auto, (max-width: 1579px) 100vw, 1579px" /></figure></div>



<div class="wp-block-media-text alignwide is-stacked-on-mobile"><figure class="wp-block-media-text__media"><img loading="lazy" decoding="async" width="938" height="816" src="https://stammkoenigartus.de/wp-content/uploads/Fredi25.jpg" alt="" class="wp-image-21274 size-full" srcset="https://stammkoenigartus.de/wp-content/uploads/Fredi25.jpg 938w, https://stammkoenigartus.de/wp-content/uploads/Fredi25-480x418.jpg 480w, https://stammkoenigartus.de/wp-content/uploads/Fredi25-768x668.jpg 768w, https://stammkoenigartus.de/wp-content/uploads/Fredi25-345x300.jpg 345w, https://stammkoenigartus.de/wp-content/uploads/Fredi25-600x522.jpg 600w, https://stammkoenigartus.de/wp-content/uploads/Fredi25-400x348.jpg 400w" sizes="auto, (max-width: 938px) 100vw, 938px" /></figure><div class="wp-block-media-text__content">
<h1 class="wp-block-heading"><strong>Lastschrift-Meister</strong></h1>



<p><strong>Fredi</strong></p>



<p>Er wird unserem Schatzmeister beim Lastschrifteneinzug unterstützen. Fredi ist seit 2016 im Stamm aktiv und war bereits als Sippling bei uns. Der Lastschrifteneinzug ist ein Service für alle Mitglieder und erspart uns mühsames Geld einsammeln vor jeder Aktion. Fredi wird diese Aufgabe übernehmen und Stefan unterstützen.</p>
</div></div>



<p><span style="font-size: revert; text-indent: 0em;"><div class="su-divider su-divider-style-double" style="margin:15px 0;border-width:5px;border-color:#211b1b"></div></span></p>
<h2>Zusatzämter</h2>
<p>Neben dem Tun der Stammesführung erleichtern weitere 5 Pfadfinder die &#8222;Last&#8220; auf deren Schultern. Hohen Respekt an alle, die so selbstlos diese Aufgaben übernommen haben. Wir schulden ihnen Dank und Unterstützung bei ihrem Handeln. </p>



<div class="wp-block-media-text alignwide has-media-on-the-right is-stacked-on-mobile"><div class="wp-block-media-text__content">
<h1 class="wp-block-heading"><strong>Mitgliederverwaltung</strong></h1>



<p><strong>Lenny</strong></p>



<p>Lenny trägt alle Mitglieder in unsere Mitgliederverwaltung ein und aktualisiert diese ständig. Er trägt die Verantwortung dafür die Chronik in unserem Stamm und hält dort fest, wer in welcher Zeit in welcher Gruppe war, welches Abzeichen oder Halstuch bekommen hat, etc.</p>
</div><figure class="wp-block-media-text__media"><img loading="lazy" decoding="async" width="962" height="1045" src="https://stammkoenigartus.de/wp-content/uploads/Lenny25.jpg" alt="" class="wp-image-21275 size-full" srcset="https://stammkoenigartus.de/wp-content/uploads/Lenny25.jpg 962w, https://stammkoenigartus.de/wp-content/uploads/Lenny25-480x521.jpg 480w, https://stammkoenigartus.de/wp-content/uploads/Lenny25-768x834.jpg 768w, https://stammkoenigartus.de/wp-content/uploads/Lenny25-276x300.jpg 276w, https://stammkoenigartus.de/wp-content/uploads/Lenny25-600x652.jpg 600w, https://stammkoenigartus.de/wp-content/uploads/Lenny25-400x435.jpg 400w" sizes="auto, (max-width: 962px) 100vw, 962px" /></figure></div>



<div class="wp-block-media-text alignwide is-stacked-on-mobile"><figure class="wp-block-media-text__media"><img loading="lazy" decoding="async" width="940" height="1059" src="https://stammkoenigartus.de/wp-content/uploads/Lennya25-1.jpg" alt="" class="wp-image-21272 size-full" srcset="https://stammkoenigartus.de/wp-content/uploads/Lennya25-1.jpg 940w, https://stammkoenigartus.de/wp-content/uploads/Lennya25-1-480x541.jpg 480w, https://stammkoenigartus.de/wp-content/uploads/Lennya25-1-768x865.jpg 768w, https://stammkoenigartus.de/wp-content/uploads/Lennya25-1-266x300.jpg 266w, https://stammkoenigartus.de/wp-content/uploads/Lennya25-1-600x676.jpg 600w, https://stammkoenigartus.de/wp-content/uploads/Lennya25-1-400x451.jpg 400w" sizes="auto, (max-width: 940px) 100vw, 940px" /></figure><div class="wp-block-media-text__content">
<h1 class="wp-block-heading"><strong>Materialwärter</strong></h1>



<p><strong>Lennya</strong></p>



<p>Lennya kümmert sich nun zusammen mit allen Sipplingen des Stammes um das ganze Zeltmaterial, die Stangen, Kreuze und alles was wir sonst noch so haben. Ihre Aufgabe ist es, dass alles wieder an seinen Platz zurück findet, nachdem es verwendet wurde. Die Ordnung im Material- und Stangenraum ist ihr handeln. Wenn was repariert werden muss, kümmern sich alle darum, dass es getan wird.</p>
</div></div>

<p>Wir haben 5 Menschen, welche den Stamm vorantreiben und sich um die Vertretung vor Kreisjugendring und Pfadfinderbund kümmern. Nebenbei sorgen sie sich um die Finanzen &hellip;</p>
