{"id":36,"date":"2012-09-09T19:13:23","date_gmt":"2012-09-09T17:13:23","guid":{"rendered":"http:\/\/stammkoenigartus.de\/?page_id=22"},"modified":"2023-01-24T22:05:30","modified_gmt":"2023-01-24T21:05:30","slug":"ahnengalerie","status":"publish","type":"page","link":"https:\/\/stammkoenigartus.de\/?page_id=36","title":{"rendered":"Unsere Vergangenheit"},"content":{"rendered":"\n<p>Jede Legende bleibt durch die Tat, die sie vollbracht hat, bestehen und lebt weiter. Dass Baden Powells Idee weiter lebt, zeigt sich an den 39 Millionen Pfadfindern und Pfadfinderinnen, die es in jedem Land auf dieser Welt gibt und die die Pfadfinderei leben.<\/p>\n\n\n\n<h3><strong>Wie gr\u00fcndeten sich die Pfadfinder? <br \/><\/strong><\/h3>\n<h3><img loading=\"lazy\" decoding=\"async\" class=\"wp-image-6718 alignleft\" src=\"https:\/\/stammkoenigartus.de\/wp-content\/uploads\/BiPi-rahm-209x300.jpeg\" alt=\"\" width=\"223\" height=\"320\" srcset=\"https:\/\/stammkoenigartus.de\/wp-content\/uploads\/BiPi-rahm-209x300.jpeg 209w, https:\/\/stammkoenigartus.de\/wp-content\/uploads\/BiPi-rahm.jpeg 239w\" sizes=\"auto, (max-width: 223px) 100vw, 223px\" \/><\/h3>\n<h3>Lord Robert Stephenson Smith Baden Powell Lord of Gilwell<\/h3>\n<p>Gr\u00fcnder der Pfadfinderbewegung <br \/>1857 in London geboren <br \/>1867 wurde er in die Kavallerie aufgenommen<br \/>In S\u00fcdafrika besuchte er Zulus genauso wie Buren (Indianerst\u00e4mme), obwohl diese miteinander k\u00e4mpften, er bekam erste Zweifel an dem Sinn von Kriegen.<\/p>\n<p>\u00a0<\/p>\n<p><img loading=\"lazy\" decoding=\"async\" class=\"wp-image-6711 alignleft\" src=\"https:\/\/stammkoenigartus.de\/wp-content\/uploads\/Olave-Baden-Powell-rahm-228x300.jpeg\" alt=\"\" width=\"217\" height=\"285\" srcset=\"https:\/\/stammkoenigartus.de\/wp-content\/uploads\/Olave-Baden-Powell-rahm-228x300.jpeg 228w, https:\/\/stammkoenigartus.de\/wp-content\/uploads\/Olave-Baden-Powell-rahm.jpeg 304w\" sizes=\"auto, (max-width: 217px) 100vw, 217px\" \/><\/p>\n<h3>Olave Baden Powell<\/h3>\n<p>Mitbegr\u00fcnderin der Pfadfinderbewegung<\/p>\n<p>Im Januar 1912 trafen BiPi und Olave auf einer Reise nach New York. Sie verliebten sich in einander und heirateten. <br \/>Sie engagierte sich schon bald in der Pfadfinderarbeit und gr\u00fcndete\u00a0 1928 in der Schweiz die World Assoiciation of Girlguides and Girl Scouts.<\/p>\n<p><img loading=\"lazy\" decoding=\"async\" class=\"wp-image-6710 alignleft\" src=\"https:\/\/stammkoenigartus.de\/wp-content\/uploads\/mafeking-rahm-300x250.jpeg\" alt=\"\" width=\"234\" height=\"195\" srcset=\"https:\/\/stammkoenigartus.de\/wp-content\/uploads\/mafeking-rahm-300x250.jpeg 300w, https:\/\/stammkoenigartus.de\/wp-content\/uploads\/mafeking-rahm.jpeg 375w\" sizes=\"auto, (max-width: 234px) 100vw, 234px\" \/><\/p>\n<h3>Die Schlacht von Mafeking<\/h3>\n<p>In der Schlacht von Mafeking wo BiPi mit 2000 Mann 217 Tage lang durch geschicke Mann\u00f6ver die Stadt verteidigte, erkannte er das auch junge Menschen Verantwortung \u00fcbernehmen k\u00f6nnen.<\/p>\n<p>\u00a0<\/p>\n<p><img loading=\"lazy\" decoding=\"async\" class=\"wp-image-6707 alignleft\" src=\"https:\/\/stammkoenigartus.de\/wp-content\/uploads\/Brownsea-rahm-300x249.jpeg\" alt=\"\" width=\"229\" height=\"190\" srcset=\"https:\/\/stammkoenigartus.de\/wp-content\/uploads\/Brownsea-rahm-300x249.jpeg 300w, https:\/\/stammkoenigartus.de\/wp-content\/uploads\/Brownsea-rahm.jpeg 448w\" sizes=\"auto, (max-width: 229px) 100vw, 229px\" \/><\/p>\n<h3>Brownsea Island<\/h3>\n<p>Am 1. August 1907 fand auf Brownsea Island das erste Pfadfinderlager mit 21 Jungen statt. Die jungen kamen aus allen sozialen Schichten und trugen einheitliche Hemden. Die &#8222;Scouts&#8220; wurden gegr\u00fcndet.<\/p>\n<p>\u00a0<\/p>\n<p><img loading=\"lazy\" decoding=\"async\" class=\"wp-image-6706 alignleft\" src=\"https:\/\/stammkoenigartus.de\/wp-content\/uploads\/BiPi-grab-rahm-300x279.jpeg\" alt=\"\" width=\"215\" height=\"200\" srcset=\"https:\/\/stammkoenigartus.de\/wp-content\/uploads\/BiPi-grab-rahm-300x279.jpeg 300w, https:\/\/stammkoenigartus.de\/wp-content\/uploads\/BiPi-grab-rahm.jpeg 562w\" sizes=\"auto, (max-width: 215px) 100vw, 215px\" \/><\/p>\n<h3>Eine Legende nahm Abschied<\/h3>\n<p>Der 8. Januar 1941 ist vielen Pfadfindern als Todestag des Chief Scout of the World bekannt. Seinen Grabstein schm\u00fcckt ein Waldl\u00e4uferzeichen &#8222;Ich bin nach Hause gegangen&#8220;.<\/p>\n<p>\u00a0<\/p>\n\n\n\n<h3>Wie kamen die Pfadfinder nach Deutschland?&nbsp;<\/h3>\n<p><img loading=\"lazy\" decoding=\"async\" class=\"size-medium wp-image-6705 alignleft\" src=\"https:\/\/stammkoenigartus.de\/wp-content\/uploads\/bayer-rahm1-208x300.jpg\" alt=\"\" width=\"208\" height=\"300\" srcset=\"https:\/\/stammkoenigartus.de\/wp-content\/uploads\/bayer-rahm1-208x300.jpg 208w, https:\/\/stammkoenigartus.de\/wp-content\/uploads\/bayer-rahm1.jpg 246w\" sizes=\"auto, (max-width: 208px) 100vw, 208px\" \/><\/p>\n<h3>Maximilian Bayer<\/h3>\n<p>Gr\u00fcnder der deutschen Pfadfinderbewegung<br>Zusammen mit Alexander Lion \u00fcbersetzte er das Jugendbuch Scouting for Boys ins Deutsche.<br>Als 1911der erste deutsche Pfadfinderbund gegr\u00fcndet wurde wurde er zum Reichsfeldmeister gew\u00e4hlt. <br>Er widmete sich fortan dem Aufbau der Pfadfinderbewegung in Deutschland.<\/p>\n<p><img loading=\"lazy\" decoding=\"async\" class=\"wp-image-6713 alignleft\" src=\"https:\/\/stammkoenigartus.de\/wp-content\/uploads\/tusk-rahm-300x269.jpeg\" alt=\"\" width=\"233\" height=\"209\" srcset=\"https:\/\/stammkoenigartus.de\/wp-content\/uploads\/tusk-rahm-300x269.jpeg 300w, https:\/\/stammkoenigartus.de\/wp-content\/uploads\/tusk-rahm.jpeg 328w\" sizes=\"auto, (max-width: 233px) 100vw, 233px\" \/><\/p>\n<h3>Tusk (Eberhard Koebel)<\/h3>\n<p>Gr\u00fcnder der deutschen Jungenschaft<br>Tusk hatte vor mit der deustschen Jungenschaft neue Wege zu gehen. Er entwarf die Jungenschaftsjacken (Jujas) und entwickelte Zelte wie Kothe und Jurte.<\/p>\n\n\n\n<h3>Stammesgeschichte<\/h3>\n<style> #grid-gallery-65-5198 .grid-gallery-caption[data-grid-gallery-type=\"show-on-hover\"]:hover figcaption, #grid-gallery-65-5198 .grid-gallery-caption[data-grid-gallery-type=\"show-on-hover\"].hovered figcaption, #grid-gallery-65-5198 .grid-gallery-caption[data-grid-gallery-type=\"show-on-hover\"]:active figcaption { background-color:rgba(6,102,100,0.5) !important; } <\/style> <div id=\"grid-gallery-65-5198\" data-gg-id=\"65\" data-title=\"Stammesf\u00fchrer\" data-grid-type=\"0\" data-offset=\"0\" data-area-position=\"center\" data-icons=\"false\" data-preloader=\"false\" data-width=\"215\" data-height=\"280\" data-padding=\"0\" data-quicksand=\"disabled\" data-quicksand-duration=\"none\" data-popup-theme=\"theme_6\" data-popup-type=\"pretty-photo\" data-popup-image-text=\"data-caption\" data-popup-widthsize=\"auto\" data-popup-heightsize=\"auto\" data-popup-i18n-words=\"{&quot;close&quot;:&quot;schlie\\u00dfen&quot;,&quot;next&quot;:&quot;n\\u00e4chste&quot;,&quot;previous&quot;:&quot;vorherige&quot;,&quot;start_slideshow&quot;:&quot;Starte Slideshow&quot;,&quot;stop_slideshow&quot;:&quot;Stoppe Slideshow&quot;,&quot;image&quot;:&quot;Bild&quot;,&quot;of&quot;:&quot;von&quot;,&quot;prev&quot;:&quot;vorherige&quot;,&quot;cExpand&quot;:&quot;Erweitere&quot;,&quot;cPrevious&quot;:&quot;Vorheriges&quot;,&quot;cNext&quot;:&quot;N\\u00e4chstes&quot;,&quot;cExpandStr&quot;:&quot;Erweitere Bild&quot;,&quot;cRotate&quot;:&quot;Rotate&quot;,&quot;cDetails&quot;:&quot;Details&quot;}\" data-popup-slideshow=\"false\" data-popup-slideshow-speed=\"2500\" data-popup-hoverstop=\"true\" data-popup-slideshow-auto=\"false\" data-popup-background=\"\" data-popup-transparency=\"30\" data-popup-disable-history=\"\" data-popup-disable-changed-url=\"\" data-popup-border-type=\"solid\" data-popup-border-color=\"\" data-popup-border-width=\"\" data-popup-border-enable=\"\" data-fullscreen=\"true\" data-hide-tooltip=\"false\" data-caption-font-family=\"Default\" data-caption-text-size=\"300\" data-is-mobile=\"0\" data-caption-mobile=\"false\" data-hide-long-tltp-title=\"0\" data-caption-disabled-on-mobile=\"false\" data-popup-placement-type=\"0\" data-social-sharing=\"{&quot;enabled&quot;:&quot;&quot;,&quot;gallerySharing&quot;:{&quot;enabled&quot;:null,&quot;position&quot;:null},&quot;imageSharing&quot;:{&quot;enabled&quot;:null,&quot;wrapperClass&quot;:&quot; vertical &quot;},&quot;popupSharing&quot;:{&quot;enabled&quot;:null,&quot;wrapperClass&quot;:&quot; vertical &quot;}}\" class=\"grid-gallery grid-gallery-fixed \" style=\" width:2150; height:auto; margin-left:auto; margin-right:auto;position:relative;\" data-popup-video=\"null\" data-popup-disable-source-image-for-linked-img=\"0\" data-popup-enable-download-photos-button=\"0\" data-thumbnail-size=\"150x150\"> <div class=\"gallery-sharing-top\" style=\"display:none;\"> <\/div> <div id=\"photos-65\" class=\"grid-gallery-photos\"><a id=\"gg-65-476\" class=\"gg-link \" data-attachment-id=\"8290\" href=\"https:\/\/stammkoenigartus.de\/wp-content\/uploads\/Interview-Hofmeyer.jpg\" target=\"_self\" title=\"Konrad Hofmeyer\"  rel=\"lightbox[36] \" data-type=\"link\" style=\"border-radius:0;\" ><FIGURE data-tags=\"\" data-id=\"476\" class=\"grid-gallery-caption\" data-grid-gallery-type=\"quarter-appear\" data-index=\"0\" style=\"display:none;border-radius:0;; margin:0px; width:2150;\" ><div class=\"crop\" style=\" width:2150; height:2800; overflow:hidden;\"><img decoding=\"async\" src=\"https:\/\/stammkoenigartus.de\/wp-content\/uploads\/Konrad-Hofmeyer-215x280.jpg\" class=\"ggImg\" alt=\"Konrad Hofmeyer\" title=\"Konrad Hofmeyer\" data-description=\"Konrad Hofmeyer\" data-caption=\"Konrad Hofmeyer\" data-title=\"Konrad Hofmeyer\" style=\" width:215px; height:280px;\" \/><\/div><FIGCAPTION class=\"\" data-alpha=\"5\" style=\"color:#e9b44c; background-color:#066664; font-size:300; text-align:left; font-family:Default;\" ><div class=\"grid-gallery-figcaption-wrap\" style=\" vertical-align:top;\"><div class=\"gg-image-caption fitvidsignore\" style=\"font-size:300;\"><object type=\"none\/none\">Konrad Hofmeyer <\/object><\/div><\/div><\/FIGCAPTION><\/FIGURE><\/a><a id=\"gg-65-477\" class=\"gg-link \" data-attachment-id=\"8289\" href=\"https:\/\/stammkoenigartus.de\/wp-content\/uploads\/Interview-Willi-Pechtold.jpg\" target=\"_self\" title=\"willi pechtold alt1\"  rel=\"lightbox[36] \" data-type=\"link\" style=\"border-radius:0;\" ><FIGURE data-tags=\"\" data-id=\"477\" class=\"grid-gallery-caption\" data-grid-gallery-type=\"quarter-appear\" data-index=\"1\" style=\"display:none;border-radius:0;; margin:0px; width:2150;\" ><div class=\"crop\" style=\" width:2150; height:2800; overflow:hidden;\"><img decoding=\"async\" src=\"https:\/\/stammkoenigartus.de\/wp-content\/uploads\/willi-pechtold-alt1-215x280.jpg\" class=\"ggImg\" alt=\"willi pechtold alt1\" title=\"willi pechtold alt1\" data-description=\"willi pechtold alt1\" data-caption=\"Willi Pechtold\" data-title=\"willi pechtold alt1\" style=\" width:215px; height:280px;\" \/><\/div><FIGCAPTION class=\"\" data-alpha=\"5\" style=\"color:#e9b44c; background-color:#066664; font-size:300; text-align:left; font-family:Default;\" ><div class=\"grid-gallery-figcaption-wrap\" style=\" vertical-align:top;\"><div class=\"gg-image-caption fitvidsignore\" style=\"font-size:300;\"><object type=\"none\/none\">Willi Pechtold <\/object><\/div><\/div><\/FIGCAPTION><\/FIGURE><\/a><a id=\"gg-65-478\" class=\"gg-link \" data-attachment-id=\"8291\" href=\"https:\/\/stammkoenigartus.de\/wp-content\/uploads\/Interview-Martin-Zeder.jpg\" target=\"_self\" title=\"Martin Zeder 2\"  rel=\"lightbox[36] \" data-type=\"link\" style=\"border-radius:0;\" ><FIGURE data-tags=\"\" data-id=\"478\" class=\"grid-gallery-caption\" data-grid-gallery-type=\"quarter-appear\" data-index=\"2\" style=\"display:none;border-radius:0;; margin:0px; width:2150;\" ><div class=\"crop\" style=\" width:2150; height:2800; overflow:hidden;\"><img decoding=\"async\" src=\"https:\/\/stammkoenigartus.de\/wp-content\/uploads\/Martin-Zeder-2-215x280.jpg\" class=\"ggImg\" alt=\"Martin Zeder 2\" title=\"Martin Zeder 2\" data-description=\"Martin Zeder 2\" data-caption=\"Martin Zeder\" data-title=\"Martin Zeder 2\" style=\" width:215px; height:280px;\" \/><\/div><FIGCAPTION class=\"\" data-alpha=\"5\" style=\"color:#e9b44c; background-color:#066664; font-size:300; text-align:left; font-family:Default;\" ><div class=\"grid-gallery-figcaption-wrap\" style=\" vertical-align:top;\"><div class=\"gg-image-caption fitvidsignore\" style=\"font-size:300;\"><object type=\"none\/none\">Martin Zeder <\/object><\/div><\/div><\/FIGCAPTION><\/FIGURE><\/a><a id=\"gg-65-479\" class=\"gg-link \" data-attachment-id=\"8292\" href=\"https:\/\/stammkoenigartus.de\/wp-content\/uploads\/Interview-Herbert-Backer.jpg\" target=\"_self\" title=\"herbert backer\"  rel=\"lightbox[36] \" data-type=\"link\" style=\"border-radius:0;\" ><FIGURE data-tags=\"\" data-id=\"479\" class=\"grid-gallery-caption\" data-grid-gallery-type=\"quarter-appear\" data-index=\"3\" style=\"display:none;border-radius:0;; margin:0px; width:2150;\" ><div class=\"crop\" style=\" width:2150; height:2800; overflow:hidden;\"><img decoding=\"async\" src=\"https:\/\/stammkoenigartus.de\/wp-content\/uploads\/herbert-backer-215x280.png\" class=\"ggImg\" alt=\"herbert backer\" title=\"herbert backer\" data-description=\"herbert backer\" data-caption=\"Herbert Backer\" data-title=\"herbert backer\" style=\" width:215px; height:280px;\" \/><\/div><FIGCAPTION class=\"\" data-alpha=\"5\" style=\"color:#e9b44c; background-color:#066664; font-size:300; text-align:left; font-family:Default;\" ><div class=\"grid-gallery-figcaption-wrap\" style=\" vertical-align:top;\"><div class=\"gg-image-caption fitvidsignore\" style=\"font-size:300;\"><object type=\"none\/none\">Herbert Backer <\/object><\/div><\/div><\/FIGCAPTION><\/FIGURE><\/a><a id=\"gg-65-481\" class=\"gg-link \" data-attachment-id=\"8293\" href=\"https:\/\/stammkoenigartus.de\/wp-content\/uploads\/Interview-Heidi-Pechtold.jpg\" target=\"_self\" title=\"heidi3\"  rel=\"lightbox[36] \" data-type=\"link\" style=\"border-radius:0;\" ><FIGURE data-tags=\"\" data-id=\"481\" class=\"grid-gallery-caption\" data-grid-gallery-type=\"quarter-appear\" data-index=\"4\" style=\"display:none;border-radius:0;; margin:0px; width:2150;\" ><div class=\"crop\" style=\" width:2150; height:2800; overflow:hidden;\"><img decoding=\"async\" src=\"https:\/\/stammkoenigartus.de\/wp-content\/uploads\/heidi3-215x280.jpg\" class=\"ggImg\" alt=\"heidi3\" title=\"heidi3\" data-description=\"heidi3\" data-caption=\"Heidi Pechtold\" data-title=\"heidi3\" style=\" width:215px; height:280px;\" \/><\/div><FIGCAPTION class=\"\" data-alpha=\"5\" style=\"color:#e9b44c; background-color:#066664; font-size:300; text-align:left; font-family:Default;\" ><div class=\"grid-gallery-figcaption-wrap\" style=\" vertical-align:top;\"><div class=\"gg-image-caption fitvidsignore\" style=\"font-size:300;\"><object type=\"none\/none\">Heidi Pechtold <\/object><\/div><\/div><\/FIGCAPTION><\/FIGURE><\/a><a id=\"gg-65-482\" class=\"gg-link \" data-attachment-id=\"8294\" href=\"https:\/\/stammkoenigartus.de\/wp-content\/uploads\/Interview-Tom-Sauer.jpg\" target=\"_self\" title=\"Tom Sauer\"  rel=\"lightbox[36] \" data-type=\"link\" style=\"border-radius:0;\" ><FIGURE data-tags=\"\" data-id=\"482\" class=\"grid-gallery-caption\" data-grid-gallery-type=\"quarter-appear\" data-index=\"5\" style=\"display:none;border-radius:0;; margin:0px; width:2150;\" ><div class=\"crop\" style=\" width:2150; height:2800; overflow:hidden;\"><img decoding=\"async\" src=\"https:\/\/stammkoenigartus.de\/wp-content\/uploads\/Tom-Sauer-215x280.jpg\" class=\"ggImg\" alt=\"Tom Sauer\" title=\"Tom Sauer\" data-description=\"Tom Sauer\" data-caption=\"Tom Sauer\" data-title=\"Tom Sauer\" style=\" width:215px; height:280px;\" \/><\/div><FIGCAPTION class=\"\" data-alpha=\"5\" style=\"color:#e9b44c; background-color:#066664; font-size:300; text-align:left; font-family:Default;\" ><div class=\"grid-gallery-figcaption-wrap\" style=\" vertical-align:top;\"><div class=\"gg-image-caption fitvidsignore\" style=\"font-size:300;\"><object type=\"none\/none\">Tom Sauer <\/object><\/div><\/div><\/FIGCAPTION><\/FIGURE><\/a><a id=\"gg-65-484\" class=\"gg-link \" data-attachment-id=\"8295\" href=\"https:\/\/stammkoenigartus.de\/wp-content\/uploads\/Interview-Jens-Bl\u00fcchel.jpg\" target=\"_self\" title=\"Jens5\"  rel=\"lightbox[36] \" data-type=\"link\" style=\"border-radius:0;\" ><FIGURE data-tags=\"\" data-id=\"484\" class=\"grid-gallery-caption\" data-grid-gallery-type=\"quarter-appear\" data-index=\"6\" style=\"display:none;border-radius:0;; margin:0px; width:2150;\" ><div class=\"crop\" style=\" width:2150; height:2800; overflow:hidden;\"><img decoding=\"async\" src=\"https:\/\/stammkoenigartus.de\/wp-content\/uploads\/Jens51-215x280.jpg\" class=\"ggImg\" alt=\"Jens5\" title=\"Jens5\" data-description=\"Jens5\" data-caption=\"Jens Bl\u00fcchel\" data-title=\"Jens5\" style=\" width:215px; height:280px;\" \/><\/div><FIGCAPTION class=\"\" data-alpha=\"5\" style=\"color:#e9b44c; background-color:#066664; font-size:300; text-align:left; font-family:Default;\" ><div class=\"grid-gallery-figcaption-wrap\" style=\" vertical-align:top;\"><div class=\"gg-image-caption fitvidsignore\" style=\"font-size:300;\"><object type=\"none\/none\">Jens Bl\u00fcchel <\/object><\/div><\/div><\/FIGCAPTION><\/FIGURE><\/a><a data-attachment-id=\"18383\" id=\"gg-65-522\" class=\"gg-link \" data-attachment-id=\"18383\" href=\"https:\/\/stammkoenigartus.de\/wp-content\/uploads\/Felix23.jpg?gid=65\" target=\"_self\" title=\"Felix23\" data- rel=\"lightbox[36] prettyPhoto[pp_gal]\" style=\"border-radius:0;\" ><FIGURE data-tags=\"\" data-id=\"522\" class=\"grid-gallery-caption\" data-grid-gallery-type=\"quarter-appear\" data-index=\"7\" style=\"display:none;border-radius:0;; margin:0px; width:2150;\" ><div class=\"crop\" style=\" width:2150; height:2800; overflow:hidden;\"><img decoding=\"async\" src=\"https:\/\/stammkoenigartus.de\/wp-content\/uploads\/Felix23-215x280.jpg\" class=\"ggImg\" alt=\"Felix23\" title=\"Felix23\" data-description=\"Felix23\" data-caption=\"Felix B\u00e4r\" data-title=\"Felix23\" style=\" width:215px; height:280px;\" \/><\/div><FIGCAPTION class=\"\" data-alpha=\"5\" style=\"color:#e9b44c; background-color:#066664; font-size:300; text-align:left; font-family:Default;\" ><div class=\"grid-gallery-figcaption-wrap\" style=\" vertical-align:top;\"><div class=\"gg-image-caption fitvidsignore\" style=\"font-size:300;\"><object type=\"none\/none\">Felix B\u00e4r <\/object><\/div><\/div><\/FIGCAPTION><\/FIGURE><\/a> <div class=\"grid-gallery-clearfix\"><\/div> <\/div> <div class=\"gallery-sharing-bottom\" style=\"display:none;\"> <\/div> <div class=\"gallery-sharing-image\" style=\"display:none;\"> <\/div> <div class=\"gallery-sharing-popup\" style=\"display:none;\"> <\/div> <div class=\"grid-gallery-clearfix\"><\/div> <\/div> <!-- Gallery by Supsystic plugin1.15.31 \/2.9.20 --> <style> <\/style><a title=\"\" style=\"display:none;\" href=\"https:\/\/supsystic.com\/plugins\/photo-gallery\/?utm_medium=love_link\" target=\"_blank\"><\/a>\n\n\n","protected":false},"excerpt":{"rendered":"<p>Jede Legende bleibt durch die Tat, die sie vollbracht hat, bestehen und lebt weiter. Dass Baden Powells Idee weiter lebt, zeigt sich an den 39 &hellip;<\/p>\n","protected":false},"author":1,"featured_media":8480,"parent":17222,"menu_order":56,"comment_status":"open","ping_status":"closed","template":"","meta":{"_monsterinsights_skip_tracking":false,"_monsterinsights_sitenote_active":false,"_monsterinsights_sitenote_note":"","_monsterinsights_sitenote_category":0,"footnotes":""},"class_list":["post-36","page","type-page","status-publish","has-post-thumbnail","hentry"],"aioseo_notices":[],"_links":{"self":[{"href":"https:\/\/stammkoenigartus.de\/index.php?rest_route=\/wp\/v2\/pages\/36","targetHints":{"allow":["GET"]}}],"collection":[{"href":"https:\/\/stammkoenigartus.de\/index.php?rest_route=\/wp\/v2\/pages"}],"about":[{"href":"https:\/\/stammkoenigartus.de\/index.php?rest_route=\/wp\/v2\/types\/page"}],"author":[{"embeddable":true,"href":"https:\/\/stammkoenigartus.de\/index.php?rest_route=\/wp\/v2\/users\/1"}],"replies":[{"embeddable":true,"href":"https:\/\/stammkoenigartus.de\/index.php?rest_route=%2Fwp%2Fv2%2Fcomments&post=36"}],"version-history":[{"count":21,"href":"https:\/\/stammkoenigartus.de\/index.php?rest_route=\/wp\/v2\/pages\/36\/revisions"}],"predecessor-version":[{"id":17596,"href":"https:\/\/stammkoenigartus.de\/index.php?rest_route=\/wp\/v2\/pages\/36\/revisions\/17596"}],"up":[{"embeddable":true,"href":"https:\/\/stammkoenigartus.de\/index.php?rest_route=\/wp\/v2\/pages\/17222"}],"wp:featuredmedia":[{"embeddable":true,"href":"https:\/\/stammkoenigartus.de\/index.php?rest_route=\/wp\/v2\/media\/8480"}],"wp:attachment":[{"href":"https:\/\/stammkoenigartus.de\/index.php?rest_route=%2Fwp%2Fv2%2Fmedia&parent=36"}],"curies":[{"name":"wp","href":"https:\/\/api.w.org\/{rel}","templated":true}]}}